ose 2*o - 68 = -5*y, -2*y = -4*o + 125 + 11. Suppose -47517 + 7363 = -o*h. What is the tens digit of h?
8
Suppose -327*m = -334*m + 1582. Suppose -5*t - m = -2241. What is the hundreds digit of t?
4
Let h be (36/8)/9 + (-421)/(-2). Let p(a) = 14*a - 7. Let b be p(5). Suppose -w + h = b. What is the tens digit of w?
4
Let z(c) = -c**3 + 18*c**2 - 11*c + 72. What is the units digit of z(12)?
4
Suppose 61 = 3*q + 1. Suppose -j + 12 + 6 = 4*i, -5*i = -q. Suppose 4*k + 69 = y, j*y + 5*k - 275 = -y. What is the units digit of y?
5
What is the hundreds digit of 2699*(14/21)/((-1)/(-15))?
9
Let q be (3/2)/((-15)/4)*25. What is the hundreds digit of (2032/(-12))/(q/15)?
2
Let d = 21612 - -5952. What is the hundreds digit of d?
5
Suppose 5*i = 2*b + 125303, -b - 243 = -249. What is the tens digit of i?
6
Suppose v - 427 = -424. Suppose -5*n - 3*b + 6154 = 0, v*b + 1236 = n + b. What is the units digit of n?
2
Let k = 395 - -451. Let j be k/(-10) - 14/35. Let p = j + 143. What is the units digit of p?
8
Suppose 2*w + 4*q = 4, 4*w - q + 2*q = -6. What is the tens digit of (w - 967)*(-4)/12?
2
Let l(t) = -7*t - 8. Let z(s) be the second derivative of s**5/20 + s**4/3 - 11*s**3/6 - 7*s**2/2 - 21*s. Let m be z(-6). What is the units digit of l(m)?
3
Let l = -42 - -41. Let u be 0*1*l + (-31)/31. Let x = 5 + u. What is the units digit of x?
4
Suppose -5*b - 3*x + 2451 = -2*x, -3*b = 2*x - 1465. Let a = b - 184. What is the tens digit of a?
0
Suppose -3*q - 15966 = -2*a, 3*a = 4*q - 8*q + 23949. What is the tens digit of a?
8
Let p be 5*(5 - 84/20). Suppose -o = 2*h + 8, -h = -p*o + 5 + 8. Suppose o*i - 3*g = 103, -3*i + 4*g + g + 153 = 0. What is the tens digit of i?
5
Let i(v) = 16*v**2 + 4*v + 26. Let h be i(-4). Suppose 0 = -4*s + 154 + h. What is the hundreds digit of s?
1
Suppose 4*w - 5*l - 45716 = -14400, l - 7820 = -w. What is the thousands digit of w?
7
Suppose -4*c + 4*c = 4*c. Suppose -3*g - 5*y - 416 = 0, c*y = 2*g - 4*y + 292. Let o = -66 - g. What is the units digit of o?
6
Let q = 3130 + -838. What is the units digit of q?
2
Let n(g) = -37*g - 119. Let u be n(-7). Let i = 787 - u. What is the units digit of i?
7
Let m(g) = -g**2 - 42*g + 28. Let n(o) = 3*o**2 + 126*o - 82. Let s(k) = -11*m(k) - 4*n(k). What is the hundreds digit of s(-25)?
4
Suppose 10*j - 5043 = -96*j - 1227. Suppose 2*b - 469 = -15. Let l = b - j. What is the hundreds digit of l?
1
Suppose -19*l + 4778 = -7344. What is the hundreds digit of l?
6
Let b(f) = f**3 + 4*f**2 - 8*f - 11. Let i be b(-5). Suppose -4*q + i*s + 3288 = 0, 3*q - 2*s - 319 = 2150. What is the units digit of q?
5
Suppose -20*w - 150462 = -59*w. What is the thousands digit of w?
3
Suppose -3*a = -2*v + 9, 0 = -3*v - v - 5*a + 51. Let i(b) = -1 + 10 - v - 26*b. What is the tens digit of i(-2)?
5
Let x be (-6)/4*(-576)/(-108). What is the units digit of 3140/6 + 0 + x/(-12)?
4
Let z = 173039 - 122074. What is the units digit of z?
5
Suppose 0 = -a - 4*v + 5781, -4*a + 4*v + 11999 = -11125. What is the tens digit of a?
8
Let x = 117 + 76. Suppose -231 = -2*d + x. What is the tens digit of d?
1
Let l be 3*(2 - (-21)/9). Suppose 9*f - l*f - 24 = 0. What is the tens digit of (-27)/6*f/1?
2
Let g be -5 + 56 - (1 - 2)/(-1). Suppose -5 + g = 5*n. Let u(o) = o**2 + 2*o + 9. What is the tens digit of u(n)?
0
Suppose -107314 = -5*g - 29*g + 48542. What is the hundreds digit of g?
5
Let x = -1715 + 6642. What is the units digit of x?
7
Let o = 23093 - 12107. What is the ten thousands digit of o?
1
Let l be ((-12)/14)/((-5)/(-2905)). Let x be (5 + l/6)/((-4)/6). Let g = x - 91. What is the units digit of g?
6
What is the units digit of ((-5828844)/490)/((-9)/15)?
6
Let n = 2734 + -1319. Suppose 2*p = n + 1141. What is the hundreds digit of p?
2
Let l(q) = -q + 20. Let r be l(15). Suppose 0 = -r*g - 25, g + 1745 = 5*j + 6*g. Suppose 5*b + 100 - j = -x, -972 = -4*x + 2*b. What is the hundreds digit of x?
2
Let v = 12850 + -4694. What is the hundreds digit of v?
1
Suppose -41*r = -95*r + 36072. What is the hundreds digit of r?
6
Let f = 18899 - -27558. What is the tens digit of f?
5
Suppose -i - 3*b = -64, -8*b - 40 = -i - 3*b. Suppose -u = -i + 7. What is the tens digit of 27*(u/9 + -4)?
3
Let r(n) = 33*n**2 - 2*n - 581. What is the hundreds digit of r(-17)?
9
Let n(b) = b**2 - 70. Suppose 27*r + 1204 = 259. What is the thousands digit of n(r)?
1
Suppose z = -31*p + 33*p + 40277, -p = 5*z - 201473. What is the units digit of z?
3
Let s be ((-30)/25)/(2/(-60)). Suppose 810 = s*i - 33*i. Let d = i - 171. What is the tens digit of d?
9
Suppose -2*q = -5*o + 394, 2*q + 519 - 141 = -3*o. What is the tens digit of (-87)/(-7 - q/30)?
4
Suppose 132947 - 73982 = 7*t - 105213. What is the thousands digit of t?
3
Suppose -5*z - 2*g = -5*g - 7489, -4*z + 3*g = -5993. Suppose z = -18*c + 22*c. What is the units digit of c?
4
Let y be ((-630)/(-27))/(6/45). What is the tens digit of (-70)/y + (-11614)/(-10)?
6
Let t(f) = f**3 - 7*f**2 - 12*f + 35. Let v be t(8). Suppose -2526 = -v*j - z, -7*z + 1684 = 2*j - 6*z. What is the units digit of j?
2
Let t = -335 + 293. What is the hundreds digit of (-37440)/t - ((-16)/28 - -1)?
8
Let j be 4/18 + (-2563)/(-9). Suppose 4*r = -8, -2*m + 3*r = -j - 363. What is the hundreds digit of m?
3
Let u(s) = s**3 - 71*s**2 - 74*s + 206. What is the hundreds digit of u(73)?
4
Suppose -3*m + 1709 = -7897. What is the thousands digit of m?
3
Let i(c) = 4*c**2 + 6*c - 17. Let j be i(-5). What is the units digit of j/((-5)/25 + 6/5)?
3
What is the thousands digit of (90/12 - -2)*(455 + -13)?
4
Let t be (32/(-12))/((-2)/3). Suppose -6 = t*l - 34. Suppose b = l*b - 210. What is the units digit of b?
5
Let s(j) = j + 475. Let w be s(0). Suppose -3*u + w = -290. Suppose 3*d = 2*p + 4*d - 170, -3*p + d = -u. What is the units digit of p?
5
What is the tens digit of (-2316549)/(-232) - (9/8)/9?
8
Let u(j) = -j**3 - 5*j**2 - 14*j + 6. Suppose -7*w + 24 = -11*w. What is the hundreds digit of u(w)?
1
Let z be 132/(-32)*2 + 145/116. Let x be 2 + 259 + 1/(-1). What is the units digit of -2 - (2 + z - x)?
3
Suppose 4*g + 4*i - 5664 = 0, 5*g - 5*i - 8432 = -1352. Suppose 0*h = 3*h + 2*a - 1416, 3*a = 3*h - g. What is the units digit of h?
2
Let h = -52993 - -109555. What is the ten thousands digit of h?
5
Suppose -11*y = -8*y - 105. Suppose -y*d = -33*d. Suppose -i - 2*i = -3*o + 513, 2*o + 3*i - 362 = d. What is the tens digit of o?
7
Let j = -212 - -1225. Suppose 4*m = j + 551. What is the units digit of m?
1
Let t(w) = 3*w**2 + 3*w - 2. Let f be t(1). Let v(m) be the third derivative of m**6/120 + m**5/60 - 5*m**3/6 + 34*m**2 - 1. What is the tens digit of v(f)?
7
Let h = 143 + -625. Let m = h - -1390. What is the units digit of m?
8
Let g(p) = 1412*p**2 + 52*p - 86. What is the thousands digit of g(-5)?
4
Let z(i) = i**2 + 3*i + 2. Let w(f) = -f**2 - 4*f + 9. Let y be w(-5). Suppose 0*t + 14 = y*p - 2*t, 2*t - 2 = 0. What is the tens digit of z(p)?
3
What is the thousands digit of (-45)/4*((-10335)/117 + 1 + -6)?
1
Let t(u) = -10*u**2 - 3*u + 1. Let p be t(1). Let w be (-2)/p*-4*-27. Let n = 121 - w. What is the hundreds digit of n?
1
Suppose -2*m - 858 = -2*j, 0 = -6*j + 7*j - 3*m - 439. Suppose j = p - 2*d - 796, p + 3*d = 1230. What is the units digit of p?
4
Suppose 2*l = -3*j - 3, 5*l + j - 13 = 2*l. Suppose -l*z + 7*z = 689. What is the tens digit of z?
8
Suppose -33*i = -1537 - 73736. What is the hundreds digit of i?
2
Suppose 3*p = p + 10. Suppose 1669 - 984 = 5*g. Suppose -5*d = 15, p*m + 2*d = g - 23. What is the units digit of m?
4
Suppose 48*a + 5889906 = 55*a + 144*a. What is the thousands digit of a?
9
Let i(n) = -n**3 + 1. Let d(w) = 8*w**3 - 4*w**2 + 4*w + 5. Let z(k) = -d(k) + i(k). What is the tens digit of z(-3)?
8
Let i(k) = -k**3 - 9*k**2 + 13*k + 5. Let c be i(-10). Let p = -169 + c. Let r = p + 313. What is the units digit of r?
9
What is the units digit of -7 + 244/36 + 6/81*58755?
2
Suppose 9*h = 3*h + 8574 + 20316. What is the hundreds digit of h?
8
Suppose -y - 16255 = -t - 70897, 5*t = -5*y + 273170. What is the thousands digit of y?
4
Suppose 62388 - 380108 = -20*z. What is the hundreds digit of z?
8
Suppose 12*h = 4*h + 16. Suppose -l + 5 = -5*s, 0 = -2*s - h*l + 7*l - 25. What is the h